d(k) = -k**3 + 7*k**2 + k - 5. Let v be d(7). Suppose 0*c - 4 = -c, -v*x = c - 34. What is the units digit of x?
5
Let w(p) be the third derivative of p**6/720 + 7*p**5/120 + p**4/24 - 2*p**2. Let k(s) be the second derivative of w(s). What is the units digit of k(0)?
7
Suppose -3*p - 219 = -2*g + 428, -p = -2*g + 649. What is the units digit of g?
5
Suppose 5*y = v, -4*y = -4*v + y. Suppose v = -5*l + 3 + 67. What is the tens digit of l?
1
Suppose x + s + 0 + 3 = 0, 0 = 4*x - 2*s - 18. Suppose x = h + 1. Let p(u) = 4*u**2 + u. What is the units digit of p(h)?
5
What is the units digit of (1 - -278)/(4*(-3)/(-8))?
6
Suppose 4*f + 5*g = 25, -f - 4*g + 3*g + 5 = 0. Suppose -5*m = -5*v - 125, f = 5*m - v - 0*v - 117. What is the tens digit of m?
2
What is the tens digit of 55 + (-3 + 4 - 4)?
5
Suppose -19*h - 219 = -20*h. What is the hundreds digit of h?
2
Suppose -7 = 2*h + i - 6*i, -3*h - 5*i + 27 = 0. What is the units digit of h?
4
Let c be 7/(-7)*6/(-2). Suppose -c*j = 2*j - 85. What is the units digit of j?
7
Let b(t) = 5*t + 2. Let u(z) = -2*z - 1. Let v(d) = 3*b(d) + 7*u(d). Let m be v(4). Suppose 7*k - m*k = 52. What is the tens digit of k?
1
What is the tens digit of 5*3/(9/15)?
2
Let s be 3/2 - (-9)/6. Suppose 4*w - 17 = s*w. What is the tens digit of w?
1
Let k(g) be the third derivative of 0*g**4 + 7/60*g**5 + g**2 + 0 + 0*g + 1/6*g**3. What is the units digit of k(1)?
8
Suppose -4*i + 3*b = 4*b - 306, 5*b + 87 = i. What is the tens digit of i?
7
Let l = -178 + 320. What is the units digit of l?
2
Let u(n) = 4*n + 7. What is the tens digit of u(15)?
6
Let x be (7 + -8)/((-2)/20). Let r = 14 - x. What is the units digit of r?
4
Suppose -2*h = -r + 2, -r + 5*r + 4*h = 20. Suppose 0 = -4*y + 50 - 18. Let d = y - r. What is the units digit of d?
4
Let p(g) = -g + 3. Let a be p(3). Suppose 0 = u - a*u - 3. Suppose u*b - 28 = -10. What is the units digit of b?
6
Let a = 12 - 12. Suppose a = 2*v - 4 - 56. What is the tens digit of v?
3
Let l(c) = c**3 + 4*c**2 - 6*c - 2. Suppose 0 = 2*i - 9 - 1. Let r(k) = k**2 - 7*k + 5. Let f be r(i). What is the units digit of l(f)?
3
Let z = 24 - 19. Suppose -2*o + 3 = 3*a - 5, 3*o - 11 = -z*a. What is the units digit of o?
7
Let w = -55 + 98. What is the units digit of w?
3
Suppose z = -n + 16 - 6, 4*z = 4*n - 56. What is the tens digit of n?
1
Suppose -5*r + 32 = -r + 2*w, 3*r = 2*w + 24. Let x(p) be the second derivative of p**3/3 - 9*p**2/2 + 4*p. What is the units digit of x(r)?
7
Let u(w) = w**2 - 8*w - 3. Let z be u(8). Let o(g) = -2*g**3 - g**2 - g - 1. Let j be o(-2). Let b = j + z. What is the tens digit of b?
1
Let k(z) = 3*z + 2. Let p be k(-4). Let t = -8 - p. Suppose 5*s - 4*h - 37 = 0, -2*s - 5*h + 46 = t*s. What is the units digit of s?
9
Suppose 1 = -m - 4*j + 5, 2*m - 8 = -2*j. Suppose m - 8 = -4*s. Suppose 0 = 3*u + 2*q - 2 - s, 5*u = 5*q + 5. What is the units digit of u?
1
Let b be -2 - ((3 - 6) + 3). What is the units digit of 2/b - (1 + -20)?
8
Let m(w) = -9*w**2 - 2*w + 15. Let d(a) = -4*a**2 - a + 8. Let r(p) = 11*d(p) - 6*m(p). What is the units digit of r(2)?
0
Let v = -30 + -2. Let j = 13 - 32. Let a = j - v. What is the tens digit of a?
1
Let i = -4 + 9. Suppose 3*s = o + 1, 0 = -2*s - 4*o + 5 + i. What is the units digit of s?
1
Suppose 0 = 5*s - 4*s - 6. Let w be 2/(-8) - 231/(-44). Let z = s - w. What is the units digit of z?
1
Let t be 0/(2/(-6)*-3). Let v be t + -1 - (0 + -3). Suppose -v*k - g = -18, -2*k + 3*g = -0*g - 26. What is the units digit of k?
0
Let d(c) = 8*c. What is the units digit of d(1)?
8
Suppose -15 = -3*x - 0*x. Suppose -3*c + 10 = -4*k - 4, 0 = -x*c - k + 31. What is the units digit of c?
6
What is the hundreds digit of ((-7440)/(-50) - 1/(-5)) + 0?
1
Suppose -10*n = -11*n + 36. What is the tens digit of n?
3
Let u(h) = -h**2 + 7*h + 4. Let o = -1 - -8. Let s be u(o). Let q = s + -2. What is the units digit of q?
2
Let g be (-1 + 1)/((-12)/6). Suppose 2*t = -g*t + 4. Suppose -3*r + 17 = -t*r. What is the tens digit of r?
1
Suppose -6*q + q + 85 = 0. What is the tens digit of q?
1
Let t = 30 - 2. What is the tens digit of t?
2
Let g = 7 - -113. Let p = 185 - g. Suppose -5 = 2*f + 5*n, 4*f - 3*n = 2*n + p. What is the tens digit of f?
1
Let m(b) = -2*b - 9. Let g(o) = o - 1. Let r(f) = -3*g(f) - m(f). What is the units digit of r(0)?
2
Suppose -2*w + 7*w = 85. What is the tens digit of w?
1
Let g = 3 + -8. Let o be (-1)/g + 68/10. What is the units digit of (-204)/(-28) + (-2)/o?
7
Let h(f) = -f**3 + 3*f**2 + 3*f + 3. Let i(b) = -b - 3. Let j be i(-6). What is the units digit of h(j)?
2
Let f be 23/(-2) + 6/(-12). Let z = -20 + 2. Let h = f - z. What is the units digit of h?
6
Let p(c) = 45*c**2 + 16*c - 5. Let w(z) = 9*z**2 + 3*z - 1. Let o(j) = 2*p(j) - 11*w(j). Let f be o(1). What is the units digit of ((-6)/(-4))/(f/(-24))?
4
Suppose -4*z + 222 = -22. What is the units digit of z?
1
Let m be (-2)/(-8) - 57/(-12). Suppose 0 = m*g - 10. Suppose g*j - 4*y = -18, -j - 4*y = -9*y + 24. What is the units digit of j?
1
Suppose 0 = j + j + 20. Let g = j - -14. Suppose 0 = 2*r + 3*q - 21, -r + 30 = 2*r + g*q. What is the units digit of r?
6
Let j be 2/8 + 35/20. Suppose -4*a - 2*d = -68, -j*a - a + 4*d = -62. What is the units digit of (-1 - 0)/((-2)/a)?
9
Suppose -y + 2*m = -28, 3*y - m + 27 = 121. What is the tens digit of y?
3
Let p = -51 + 61. What is the tens digit of p?
1
Suppose 0 = o + 5, o - 3*o - 18 = 4*x. What is the units digit of (x + 14)/(3/4)?
6
Let y(g) = g**2 + 2*g. Let j be y(-3). Let l(r) = r**3 - r**2 - 2*r - 3. What is the units digit of l(j)?
9
Let q(v) = 24*v + 3. What is the tens digit of q(2)?
5
Let a(p) = -p**2 - 11*p - 4. Let v be a(-11). What is the tens digit of 7*(5 + 2) + v?
4
Suppose -4*b + 3*r = -2*r - 33, 5*b + 4*r = -10. Let j = b - 1. What is the units digit of j?
1
Let h(r) = 12*r**3 - 2*r - 1. Let t(s) = -s**3 + 10*s**2 - 10*s + 8. Let w be t(9). Let u be h(w). What is the units digit of (u - -4)*(1 - 2)?
7
Suppose p - 3*a = 48, -p - 3*a - 2 = -32. What is the units digit of p?
9
Let q be (11/2)/((-10)/60). What is the tens digit of (2 - 1)/((-3)/q)?
1
Let r = 19 - 6. Let c = r - -11. What is the units digit of 162/c + 2/8?
7
Let z = 10 + -3. Let o(d) = -d**2 + 11*d - 5. What is the tens digit of o(z)?
2
Let m = -258 - -440. What is the tens digit of m?
8
Suppose -10*i + 11*i = 38. Suppose -i = -2*n + 42. What is the units digit of n?
0
Suppose -4*b = 2*u + 68, -5*u + b - 109 - 17 = 0. Let w = u - -45. What is the tens digit of w?
1
Let i be (-2)/(-5)*5*7. Suppose -3*l + 26 = -3*r - 2*r, 0 = 4*r + 4*l + 40. Let m = i + r. What is the units digit of m?
7
What is the units digit of (-7)/((-154)/818) + 2/(-11)?
7
Suppose 0 = y + 7 - 14. What is the units digit of y?
7
Suppose -o + 302 = 43. What is the units digit of o?
9
Suppose -2*l + 90 = -2*z, l = 5*z - 2 + 67. What is the units digit of l?
0
Let v = -28 - -14. Let m be 42138/(-117) - 2/(-13). What is the tens digit of m/(-35) - (-4)/v?
1
Suppose 5*k = 2*b - 499, -3*b + 403 + 311 = 4*k. What is the units digit of b?
2
Let t = 33 - -20. What is the units digit of t?
3
Let r = -13 - -9. Let p = r - -10. Suppose 2*y - p = 8. What is the units digit of y?
7
Let a = 21 + -15. Let n(l) = -a - l + l - l + 1. What is the units digit of n(-6)?
1
Let f(c) = 228*c**2 + 3*c - 3. What is the tens digit of f(1)?
2
Let r(z) = z**3 + 6*z**2 + 7*z + 4. Let x be r(-5). Let o be (-55)/6 + (-1)/x. What is the tens digit of 0 + (o - 2)*-1?
1
Let v(r) = 2*r - 5. Let f be v(5). Suppose 0 = y + f*g + 14, 4 = y + g + 2. What is the tens digit of -34*(-3 + 15/y)?
1
Let s be (-3*(-15)/(-3))/(-1). Let d = s + -11. Let z = d - 3. What is the units digit of z?
1
Let m(a) = 0*a + 4*a + 4 - 3*a. Let z be m(0). Let v = 6 - z. What is the units digit of v?
2
Suppose 12*a + 416 = 14*a. What is the units digit of a?
8
Let b be 30/7 - (-2)/(-7). Suppose b = -0*d + d. Suppose 0*f + d*t + 5 = f, f = -5*t + 14. What is the units digit of f?
9
Suppose 2*l + 3 = 5*l. Let y = 10 + l. What is the units digit of y?
1
Suppose -5 = -3*l + 2*p + 2*p, 4 = p. Suppose l = -3*a + 4*a. What is the units digit of a?
7
Let q(y) = y**2 + 18*y - 36. What is the tens digit of q(-25)?
3
Let t(f) be the first derivative of